r). Is 17 a factor of l(12)?
False
Let u(v) = 9*v - 9. Suppose 24 = w + w. Is u(w) a multiple of 33?
True
Let p(n) = -n**3 - n**2 + 1. Let a(h) = h**3 - 4*h**2 - 3*h - 4. Let b(r) = -a(r) - 2*p(r). Is 11 a factor of b(-4)?
True
Let h be (0 - 0)*(-3)/6. Suppose 5*j - 160 = -h*j. Is j a multiple of 11?
False
Let a(l) = 12*l**3 - l**2 + 4*l - 5. Does 17 divide a(2)?
False
Let v be (30/(-9))/(4/(-6)). Suppose -2*d + v = -1. Suppose -3*x - m = -70, x - 2 = d*m + 8. Is 11 a factor of x?
True
Suppose -19 = -4*l - j, l + 4*j = -4 - 10. Suppose -4*b + 14 = -18. Is 8 a factor of 9*1*b/l?
False
Let k be ((-1)/2)/(3/(-6)). Is 4 - 1 - (k + -3) a multiple of 4?
False
Let a = 92 + -9. Is 3 a factor of a?
False
Let a(w) = 4*w - 4. Suppose 2*m - 4 - 10 = 0. Let p be a(m). Does 8 divide 4/((-2)/p*-3)?
True
Let b = 21 + -16. Suppose 8*w = b*w + 222. Is 14 a factor of w?
False
Does 8 divide (-1440)/8*((-2)/(-5))/(-1)?
True
Let s(t) = 12*t**3 + t**2 - 3*t + 4. Does 14 divide s(2)?
True
Let d = 8 - 7. Let q be (1 - d)/(2 - 3). Does 4 divide q + 1 + 5 + -1?
False
Suppose 6*q - 4*l - 124 = 3*q, 0 = -3*q - 4*l + 92. Let j = 3 + q. Is j a multiple of 10?
False
Suppose -s = 4*p - 4*s - 8, 4 = 2*p - 3*s. Suppose 2*d = 3*b + 15, 0 = p*d + 3*d + 3*b + 15. Is 9 a factor of (2 - d) + 10 + -3?
True
Suppose 2*s + 2*s - 3*i - 135 = 0, s - 4*i - 24 = 0. Is 6 a factor of s?
True
Suppose -25 = -5*x - 5. Let u(b) = 0*b + b + 3*b - 2. Does 7 divide u(x)?
True
Is 24 a factor of (0 + (0 - 1))*-89?
False
Let p(y) = -3*y - 3 - y**2 - 6*y + 0*y. Let i be p(-4). Suppose -4*h = -7 - i. Is h a multiple of 6?
True
Let z(s) = -s**3 + 1. Let d(b) = -5*b**3 + b**2 + 4*b + 4. Let h(k) = d(k) - 4*z(k). Let i be h(-4). Suppose -j = -5*j + i. Is j a multiple of 5?
False
Is 27 a factor of 4*(-2)/(-8) + (141 - 0)?
False
Let y = -31 - -54. Does 7 divide y?
False
Let x(k) = -2*k - 1. Let c be x(-4). Suppose -3*d = -4*d + c. Does 4 divide d?
False
Let z = -10 - -15. Suppose 5*y - 3*f - 88 = f, -3*f = z*y - 74. Does 14 divide y?
False
Let f(k) be the third derivative of k**6/120 + 9*k**3 + k**2. Does 14 divide f(0)?
False
Let t be (-14)/(-6) + 2/3. Let c = -14 + 68. Suppose 5*q + 2*x - c = -2*x, -t*x = 4*q - 44. Does 6 divide q?
False
Let o be (4 - 6)/((-2)/3). Does 5 divide (-12)/(3/o*-2)?
False
Suppose 8*h - 8 = 4*h, -5*p = 3*h - 16. Suppose -5*b - 8 = 5*z + 7, 2*b - p*z = 14. Suppose -4*u = -4*g + 228, -2*u + 84 = b*g - 46. Does 24 divide g?
False
Suppose -5*r + 10 = 0, -2*s - 3*r + 80 = -38. Is 14 a factor of s?
True
Let t(l) = 5*l - 5. Let n be t(-13). Let j = n - -118. Is 15 a factor of j?
False
Let t(m) = m**2 + 6*m + 3. Suppose -4*a - 3 = q + 13, -q - 12 = 3*a. Suppose -4*f - 5*g - 12 = -q*g, -3*f - 12 = 3*g. Is 14 a factor of t(f)?
False
Let g be 2/(((-10)/4)/(-5)). Let s(y) = 4*y - 5. Does 4 divide s(g)?
False
Let x be 2/4*-2 - 9. Suppose -5*t = 2*y + 85, 5*y - 5*t + 0*t = -160. Is 16 a factor of (-162)/x + 7/y?
True
Suppose 2*m - 47 = -w, 3*m - 2*m - 20 = -4*w. Is m even?
True
Suppose 13*d = d + 144. Is d a multiple of 12?
True
Let s(h) = 3*h**2 - 4*h + 3. Let f be s(4). Suppose 0 = 4*l - f - 29. Does 7 divide l?
False
Let x = -1 + 4. Suppose -x*p - 5*r = 49, 6*p = p + 5*r - 95. Does 10 divide (p/5)/((-6)/45)?
False
Let j(l) be the second derivative of 4*l**3/3 + 3*l**2/2 + 4*l. Is 13 a factor of j(3)?
False
Let b(o) = -o + 2. Suppose 11 = -2*m - 3. Does 3 divide b(m)?
True
Let q(x) = -x**3 + x**2 - x - 1. Let o(s) = 4*s**3 + 6*s**2 + 5*s + 17. Let b(r) = o(r) + 5*q(r). Does 5 divide b(11)?
False
Suppose 3*c = 4*c - 5*n + 28, 2*n - 8 = 0. Let b(s) = -s + 4. Is 7 a factor of b(c)?
False
Suppose r - 5 + 3 = 0. Suppose 4*f - 242 + r = 0. Does 17 divide f?
False
Let m = -12 + 35. Is 5 a factor of m?
False
Let z(k) = k**3 + 11*k**2 + 6*k + 5. Is z(-7) a multiple of 43?
False
Suppose -3*m + m - 3 = -5*s, -2*s + 2 = 0. Let x(u) = m - 3*u**2 + 2*u**2 + 11. Is x(0) a multiple of 6?
True
Let h(k) = k**3 - 5*k**2 - 2*k - 5. Suppose z + z - 18 = 2*f, 5*z + 2*f = 24. Is 19 a factor of h(z)?
True
Let x(d) = d**3 + 2*d**2 - 2*d. Let r be x(-2). Suppose -3*i + 7 = -r*h, -3*h + 8*h - 43 = -2*i. Suppose -4*u + 84 = -4*s, -4*s - i = -s. Is u a multiple of 8?
False
Let n = 80 + -27. Is 34 a factor of n?
False
Let b = 85 - 39. Let c = -33 + b. Is c a multiple of 5?
False
Let b(m) = -m - 10. Let j be b(-15). Suppose -114 = -j*p + 176. Is p a multiple of 14?
False
Let f(k) = -k**2 + 5*k. Let y be f(4). Suppose -3*a = 5*i + a + 360, -y*i - a = 288. Does 3 divide i/(-10) - (-1)/(-5)?
False
Suppose -42 = 5*n - 262. Is n a multiple of 20?
False
Let x = 21 + -17. Suppose -4*q + 9*i - 4*i + 72 = 0, 4*q - 76 = x*i. Does 6 divide q?
False
Let i(h) be the third derivative of -7/24*h**4 + 1/120*h**6 + 0*h + 0 + 7/6*h**3 + 1/12*h**5 - h**2. Is 11 a factor of i(-6)?
False
Suppose 5*c = 5*n - 230, 0 = -n - 3*n - 4*c + 144. Does 9 divide n?
False
Let z(a) = a**2 + 6*a - 5. Let g be z(-7). Suppose -g = -2*y + 2*m - 6, 4*y = 2*m. Suppose y*v = 4*v - 24. Is 8 a factor of v?
False
Let l = -11 - -15. Suppose -l*q = 3 - 23. Suppose -2*c = q*n - 43, -4*c + 6*n - 2*n + 16 = 0. Is c a multiple of 9?
True
Let q be (-9)/(-1) + (-1 - -1). Let b = q + -4. Suppose 0*y = 5*u + b*y - 30, 4*u = 5*y - 3. Is u a multiple of 2?
False
Suppose -14 = -3*n + 2*n. Suppose 0 = 5*d - 5*y - 16 - n, -5 = -5*y. Is 7 a factor of d?
True
Does 11 divide (11/(-3))/(2/(-42))?
True
Let k(w) = 4*w - 10. Is k(14) a multiple of 6?
False
Let h(d) = -d**3 - 9*d**2 - 7*d + 7. Let k be h(-8). Is k*60/(-8)*2 a multiple of 7?
False
Let n(y) = -58*y**3 - 2*y - 1. Suppose -2*q - 5 = -3. Is n(q) a multiple of 15?
False
Let n be (-1)/5 + (-1)/(-5). Suppose -m - 292 = -3*w, w - 2*m = -n*w + 104. Does 32 divide w?
True
Suppose -2*m + 2*i - 12 = 0, 2*i + 28 = -0*m - 3*m. Let w = m - -27. Is w a multiple of 15?
False
Let q = -280 - -448. Suppose -t = -3*t + q. Does 28 divide t?
True
Suppose -4*f + 17 = 3*a, 3*a + a - 10 = f. Let g(q) = 2*q - 1. Let b be g(f). Suppose 4*x - 35 = -t, -140 = -4*t + b*x - 6*x. Is 13 a factor of t?
False
Is -30*(-7)/((-84)/(-8)) a multiple of 10?
True
Suppose -5*v = -q + 47, -q = v + 4*v - 47. Does 36 divide q?
False
Let t(q) = q - 3. Let b be t(7). Suppose -5*w = -b*j - 65, 2*w + 2*j = -2*w + 52. Does 13 divide w?
True
Suppose 3*d = 5*v - d - 32, 0 = -2*d - 6. Suppose -v*h + 9 = -3*h. Is 6 a factor of h?
False
Is 18 a factor of 16/4*(-2 - -11)?
True
Is (28/(-3))/((-2)/3) a multiple of 14?
True
Let x(u) = 5*u**2 - 5*u - 2*u**2 - 2 - 2*u**2. Is 11 a factor of x(-3)?
True
Let l = 11 + -9. Let w(b) = 3*b**2 - 1. Does 11 divide w(l)?
True
Let r(z) = 4*z - 3. Let a be r(2). Suppose -o = a*v - 0*v + 19, -5*o = 4*v - 10. Suppose -4*k = -o*k + 40. Is 20 a factor of k?
True
Suppose -4*q + 2 = 5*g, 3*q - 7*q + g = -14. Let k(w) = q*w + 2*w - 2 + 5 + w**2. Is k(-5) a multiple of 2?
False
Let o(y) = y**3 + 2*y**2 - 2*y + 3. Let a be o(-3). Suppose a = -8*p + 3*p + 70. Does 9 divide p?
False
Let k = -15 + 14. Let u = 13 + k. Is u a multiple of 6?
True
Suppose 5*l - 9 = 1. Is (-2 - 3)*(l + -4) a multiple of 5?
True
Let b = 203 - 93. Is b a multiple of 17?
False
Let r be (-63)/(-12) - 1/4. Let q(o) = -o**2 + 7*o + 5. Does 13 divide q(r)?
False
Let f = -33 - -46. Does 13 divide f?
True
Is (-354)/(-8) - 9/36 a multiple of 11?
True
Let f = -8 + 8. Suppose d - 5*z - 36 = f, 0 = -3*d + 3*z + 43 + 29. Is 7 a factor of d?
True
Let v(n) = n**3 - n**2 - n - 2. Let q be v(0). Does 13 divide q/8 - 735/(-28)?
True
Suppose 0 = 5*u + 22 - 92. Does 7 divide u?
True
Is 19 a factor of -322*(6/(-4) - -1)?
False
Suppose -2*v = -4*b - 36, -b = -0*v + 5*v - 13. Let k(d) = -d**2 - 13*d. Is 21 a factor of k(b)?
True
Let i = 6 - 2. Suppose -i*s = -0*s - 8. Suppose -3*o + s*o + 32 = 0. Does 13 divide o?
False
Let o = -1 - -9. Is o a multiple of 8?
True
Let l(c) = c**3 + 10*c**2 - 13*c - 4. Let h = -7 - 4. Is 18 a factor of l(h)?
True
Suppose 0 = 4*t - 3*d - 343, -2*t - 77 = -2*d - 249. Is t a multiple of 5?
True
Let g(l) = l**2 - 12*l + 11. Let o be g(11). Suppose o = 4*i - 8*i + 48. Does 8 divide i?
False
Suppose -5*t + 54 - 9 = 0. Suppose 3*p + 22 = 5*c, -2*c - p + t = -2*p. Suppose c*n + 6 = 2*b - 23, -20 = -b - 3*n. Is 13 a factor of b?
False
Let s(t) = 6*t - 5. Let u be s(5). Suppos